, 593
List the prime factors of 47842.
2, 19, 1259
List the prime factors of 31708.
2, 7927
List the prime factors of 62.
2, 31
What are the prime factors of 892?
2, 223
What are the prime factors of 11044?
2, 11, 251
List the prime factors of 1569.
3, 523
List the prime factors of 29474.
2, 14737
What are the prime factors of 1631?
7, 233
List the prime factors of 324.
2, 3
What are the prime factors of 1194?
2, 3, 199
List the prime factors of 31661.
7, 4523
What are the prime factors of 5473?
13, 421
List the prime factors of 1950.
2, 3, 5, 13
List the prime factors of 13592.
2, 1699
List the prime factors of 24747.
3, 73, 113
What are the prime factors of 987?
3, 7, 47
List the prime factors of 21298.
2, 23, 463
What are the prime factors of 1231?
1231
What are the prime factors of 6626?
2, 3313
What are the prime factors of 2790?
2, 3, 5, 31
What are the prime factors of 451?
11, 41
What are the prime factors of 232?
2, 29
What are the prime factors of 659?
659
List the prime factors of 1668.
2, 3, 139
What are the prime factors of 9905?
5, 7, 283
What are the prime factors of 2105?
5, 421
What are the prime factors of 829?
829
What are the prime factors of 11397?
3, 29, 131
List the prime factors of 132875.
5, 1063
List the prime factors of 7239.
3, 19, 127
List the prime factors of 94303.
11, 8573
What are the prime factors of 43063?
43063
What are the prime factors of 28320?
2, 3, 5, 59
What are the prime factors of 158?
2, 79
List the prime factors of 1802.
2, 17, 53
What are the prime factors of 4870?
2, 5, 487
List the prime factors of 23151.
3, 7717
What are the prime factors of 20729?
19, 1091
List the prime factors of 4880.
2, 5, 61
List the prime factors of 36548.
2, 9137
What are the prime factors of 21520?
2, 5, 269
List the prime factors of 430.
2, 5, 43
What are the prime factors of 4489?
67
What are the prime factors of 17173?
13, 1321
What are the prime factors of 993?
3, 331
List the prime factors of 11557.
7, 13, 127
What are the prime factors of 44512?
2, 13, 107
What are the prime factors of 80927?
7, 11, 1051
What are the prime factors of 33382?
2, 16691
List the prime factors of 55060.
2, 5, 2753
List the prime factors of 33509.
7, 4787
What are the prime factors of 126?
2, 3, 7
List the prime factors of 10849.
19, 571
What are the prime factors of 1085?
5, 7, 31
What are the prime factors of 65028?
2, 3, 5419
List the prime factors of 3224.
2, 13, 31
List the prime factors of 1948.
2, 487
List the prime factors of 1624.
2, 7, 29
List the prime factors of 6728.
2, 29
List the prime factors of 35613.
3, 1319
What are the prime factors of 14299?
79, 181
What are the prime factors of 69061?
69061
What are the prime factors of 10887?
3, 19, 191
What are the prime factors of 15290?
2, 5, 11, 139
List the prime factors of 27639.
3, 37, 83
What are the prime factors of 369?
3, 41
List the prime factors of 4503.
3, 19, 79
What are the prime factors of 80334?
2, 3, 4463
List the prime factors of 587.
587
List the prime factors of 1119.
3, 373
What are the prime factors of 58262?
2, 29131
List the prime factors of 2277.
3, 11, 23
What are the prime factors of 709?
709
What are the prime factors of 40596?
2, 3, 17, 199
What are the prime factors of 33037?
33037
What are the prime factors of 20632?
2, 2579
What are the prime factors of 2060?
2, 5, 103
List the prime factors of 62006.
2, 7, 43, 103
List the prime factors of 27691.
27691
What are the prime factors of 2452?
2, 613
What are the prime factors of 17158?
2, 23, 373
List the prime factors of 298.
2, 149
What are the prime factors of 2264?
2, 283
List the prime factors of 4155.
3, 5, 277
What are the prime factors of 1906?
2, 953
What are the prime factors of 221?
13, 17
What are the prime factors of 655?
5, 131
List the prime factors of 92699.
92699
List the prime factors of 15345.
3, 5, 11, 31
List the prime factors of 1937.
13, 149
List the prime factors of 22112.
2, 691
What are the prime factors of 3558?
2, 3, 593
List the prime factors of 1002.
2, 3, 167
What are the prime factors of 619?
619
List the prime factors of 3033.
3, 337
List the prime factors of 5774.
2, 2887
What are the prime factors of 8234?
2, 23, 179
List the prime factors of 193.
193
What are the prime factors of 985?
5, 197
What are the prime factors of 2369?
23, 103
What are the prime factors of 19062?
2, 3, 353
What are the prime factors of 6339?
3, 2113
What are the prime factors of 253?
11, 23
List the prime factors of 19085.
5, 11, 347
List the prime factors of 26556.
2, 3, 2213
List the prime factors of 4247.
31, 137
List the prime factors of 1719.
3, 191
List the prime factors of 460.
2, 5, 23
List the prime factors of 1609.
1609
List the prime factors of 683.
683
What are the prime factors of 7456?
2, 233
List the prime factors of 11265.
3, 5, 751
What are the prime factors of 2?
2
What are the prime factors of 18584?
2, 23, 101
List the prime factors of 2639.
7, 13, 29
What are the prime factors of 23854?
2, 11927
List the prime factors of 33436.
2, 13, 643
What are the prime factors of 1357?
23, 59
What are the prime factors of 1330?
2, 5, 7, 19
What are the prime factors of 64890?
2, 3, 5, 7, 103
List the prime factors of 9033.
3, 3011
What are the prime factors of 1317?
3, 439
What are the prime factors of 490?
2, 5, 7
What are the prime factors of 4578?
2, 3, 7, 109
What are the prime factors of 1527?
3, 509
List the prime factors of 1396.
2, 349
What are the prime factors of 1874?
2, 937
What are the prime factors of 694?
2, 347
What are the prime factors of 15472?
2, 967
What are the prime factors of 101697?
3, 109, 311
List the prime factors of 368.
2, 23
List the prime factors of 3305.
5, 661
What are the prime factors of 77694?
2, 3, 23, 563
List the prime factors of 447.
3, 149
List the prime factors of 205.
5, 41
List the prime factors of 3796.
2, 13, 73
List the prime factors of 2433.
3, 811
What are the prime factors of 42247?
83, 509
What are the prime factors of 29842?
2, 43, 347
List the prime factors of 4998.
2, 3, 7, 17
List the prime factors of 6665.
5, 31, 43
List the prime factors of 55250.
2, 5, 13, 17
List the prime factors of 2171.
13, 167
What are the prime factors of 50411?
50411
What are the prime factors of 57448?
2, 43, 167
What are the prime factors of 4033?
37, 109
List the prime factors of 1907.
1907
What are the prime factors of 127234?
2, 63617
What are the prime factors of 14582?
2, 23, 317
List the prime factors of 291.
3, 97
List the prime factors of 1426.
2, 23, 31
List the prime factors of 126.
2, 3, 7
List the prime factors of 349.
349
What are the prime factors of 24220?
2, 5, 7, 173
What are the prime factors of 30672?
2, 3, 71
List the prime factors of 23185.
5, 4637
List the prime factors of 14322.
2, 3, 7, 11, 31
List the prime factors of 570.
2, 3, 5, 19
List the prime factors of 51085.
5, 17, 601
What are the prime factors of 961?
31
What are the prime factors of 1602?
2, 3, 89
List the prime factors of 271.
271
List the prime factors of 633.
3, 211
List the prime factors of 611.
13, 47
List the prime factors of 268.
2, 67
What are the prime factors of 4641?
3, 7, 13, 17
What are the prime factors of 1922?
2, 31
What are the prime factors of 1310?
2, 5, 131
List the prime factors of 10358.
2, 5179
List the prime factors of 1437.
3, 479
What are the prime factors of 69033?
3, 23011
What are the prime factors of 976?
2, 61
List the prime factors of 871.
13, 67
List the prime factors of 526.
2, 263
List the prime factors of 1225.
5, 7
List the prime factors of 4803.
3, 1601
What are the prime factors of 109830?
2, 3, 5, 7, 523
What are the prime factors of 24095?
5, 61, 79
What are the prime factors of 38070?
2, 3, 5, 47
List the prime factors of 125097.
3, 7, 23, 37
What are the prime factors of 1343?
17, 79
List the prime factors of 3673.
3673
What are the prime factors of 981?
3, 109
List the prime factors of 9700.
2, 5, 97
What are the prime factors of 323?
17, 19
What are the prime factors of 2393?
2393
List the prime factors of 29059.
29059
List the prime factors of 1848.
2, 3, 7, 11
What are the prime factors of 17611?
11, 1601
List the prime factors of 1495.
5, 13, 23
List the prime factors of 67980.
2, 3, 5, 11, 103
List the prime 